05
656 (base 11) to base 10
787
What is -15072 (base 13) in base 6?
-503303
Convert -7183 (base 10) to base 6.
-53131
What is 2423 (base 6) in base 13?
366
Convert 123002 (base 4) to base 15.
7a5
What is -4242 (base 5) in base 10?
-572
Convert -242b (base 14) to base 4.
-1202213
44 (base 7) to base 3
1012
Convert 3312113 (base 4) to base 2.
11110110010111
What is da8 (base 15) in base 8?
6013
What is 1640 (base 7) in base 4?
22121
What is 376 (base 12) in base 4?
20022
-10002 (base 4) to base 16
-102
1871 (base 10) to base 12
10bb
Convert -162261 (base 7) to base 10.
-32040
Convert 243201 (base 6) to base 12.
10501
What is -11115 (base 10) in base 13?
-50a0
-2350 (base 11) to base 12
-1948
What is 52133 (base 6) in base 4?
1230321
What is 315 (base 11) in base 6?
1431
Convert 23354 (base 6) to base 7.
12601
5329 (base 10) to base 3
21022101
-8149 (base 10) to base 3
-102011211
Convert 42411 (base 5) to base 12.
17a0
1fb (base 16) to base 4
13323
What is -3283 (base 16) in base 4?
-3022003
Convert -111302 (base 4) to base 9.
-1818
What is -1b219 (base 12) in base 7?
-224526
What is -1637 (base 8) in base 11?
-773
Convert -3310 (base 4) to base 13.
-15a
Convert 1303 (base 7) to base 15.
22d
What is -26c5 (base 14) in base 8?
-15265
Convert 163 (base 10) to base 16.
a3
What is 14900 (base 10) in base 5?
434100
1069 (base 10) to base 4
100231
What is -31513 (base 7) in base 13?
-3721
What is 10010110001 (base 2) in base 15?
551
What is -2050 (base 6) in base 2?
-111001110
457 (base 10) to base 6
2041
-10013 (base 4) to base 5
-2023
-223332 (base 4) to base 12
-1766
Convert 31230 (base 4) to base 5.
12001
Convert 648 (base 9) to base 11.
442
What is -3561 (base 7) in base 14?
-6a1
What is 312320 (base 5) in base 12?
5b93
What is -1111111111011 (base 2) in base 15?
-265c
Convert -261 (base 12) to base 10.
-361
-495 (base 11) to base 7
-1500
What is 201211 (base 3) in base 11?
447
Convert -252 (base 14) to base 7.
-1232
What is -1010010000 (base 2) in base 10?
-656
Convert 1115 (base 6) to base 16.
107
Convert -1110011110101 (base 2) to base 4.
-1303311
Convert 2b18 (base 12) to base 3.
20221102
-4833 (base 12) to base 11
-60a7
What is -24206 (base 9) in base 7?
-65151
What is 12160 (base 8) in base 12?
3040
What is -6da (base 15) in base 3?
-2010121
What is -216a (base 12) in base 7?
-13510
Convert 51ac (base 13) to base 7.
44635
769 (base 11) to base 3
1021011
What is 52701 (base 8) in base 3?
1010010002
Convert 20202211 (base 4) to base 10.
34981
-225 (base 8) to base 9
-175
4930 (base 12) to base 16
2034
38107 (base 9) to base 10
25603
Convert 1312 (base 8) to base 12.
4b6
1301 (base 13) to base 6
20305
Convert -13111 (base 5) to base 13.
-614
Convert 253 (base 11) to base 16.
12c
1032303 (base 4) to base 15
1763
What is 51259 (base 11) in base 15?
17297
Convert -2a65 (base 13) to base 8.
-14027
What is -4903 (base 12) in base 11?
-6195
What is 4dc (base 15) in base 2?
10001010011
-11184 (base 9) to base 8
-16427
What is -111100001 (base 2) in base 7?
-1255
Convert -180 (base 11) to base 9.
-252
d6a (base 16) to base 8
6552
What is -16083 (base 13) in base 3?
-2010102000
-6268 (base 10) to base 3
-22121011
Convert -668 (base 11) to base 3.
-1002122
Convert -399 (base 13) to base 8.
-1171
Convert 763 (base 8) to base 2.
111110011
31203 (base 9) to base 3
1001020010
cb0 (base 14) to base 9
3384
Convert -2cbb (base 13) to base 8.
-14660
What is -200016 (base 7) in base 5?
-2034002
bb (base 14) to base 8
245
Convert -111010101 (base 2) to base 11.
-397
Convert -3640 (base 10) to base 3.
-11222211
Convert 14c3 (base 14) to base 6.
25043
Convert 7112 (base 15) to base 4.
11310323
-3302 (base 5) to base 3
-121202
15b2 (base 13) to base 12
1a17
What is 3436 (base 7) in base 16?
4e4
Convert 704 (base 11) to base 15.
3bb
5 (base 12) to base 10
5
What is 2250 (base 9) in base 12?
b69
Convert 13331 (base 4) to base 6.
2205
144120 (base 6) to base 12
8040
Convert 113 (base 7) to base 2.
111011
Convert 2168 (base 12) to base 9.
5038
Convert -122020 (base 3) to base 14.
-253
172e (base 15) to base 12
2a82
Convert 65111 (base 7) to base 16.
3f32
-10000010100011 (base 2) to base 12
-4a03
What is 4252 (base 12) in base 7?
30113
What is 12321 (base 4) in base 6?
2013
What is 2c85 (base 13) in base 8?
14603
What is -30121 (base 4) in base 11?
-661
Convert -121232 (base 5) to base 6.
-33051
What is -3a60 (base 11) in base 2?
-1010010010101
Convert 112020 (base 3) to base 9.
466
What is -35772 (base 8) in base 14?
-584a
Convert -3203020 (base 4) to base 16.
-38c8
What is 32140 (base 5) in base 6?
14014
Convert 200105 (base 7) to base 14.
c3ac
What is 73268 (base 9) in base 11?
33354
506 (base 13) to base 9
1145
-199bd (base 14) to base 7
-360426
-110000001110 (base 2) to base 3
-11020022
Convert -11513 (base 11) to base 4.
-10003033
4c19 (base 16) to base 3
222201112
Convert 23645 (base 7) to base 15.
1c58
What is 11202 (base 3) in base 15?
88
10b7 (base 14) to base 5
43110
What is -53401 (base 6) in base 12?
-4261
Convert 202122 (base 3) to base 16.
22d
What is -1375 (base 13) in base 10?
-2800
What is -81b (base 15) in base 8?
-3442
5187 (base 13) to base 16
2c01
232212 (base 4) to base 15
d3c
What is 4011 (base 7) in base 13?
822
8465 (base 11) to base 6
123511
What is 3783 (base 9) in base 3?
10212210
Convert 34646 (base 7) to base 2.
10001011000111
110 (base 11) to base 13
a2
Convert 1120020 (base 3) to base 5.
14030
1895 (base 10) to base 3
2121012
What is -2c6 (base 13) in base 16?
-1f4
56675 (base 8) to base 12
11a79
What is 988 (base 12) in base 10?
1400
What is -13004 (base 10) in base 12?
-7638
What is 1010000111010 (base 2) in base 11?
3988
-3604 (base 8) to base 12
-1144
Convert -43 (base 11) to base 7.
-65
Convert -42a7 (base 11) to base 9.
-7714
Convert -a6c2 (base 13) to base 9.
-34663
Convert -3341 (base 10) to base 6.
-23245
Convert -1123 (base 10) to base 7.
-3163
Convert 11b74 (base 12) to base 7.
130240
Convert 35045 (base 11) to base 8.
142703
Convert 66 (base 13) to base 9.
103
Convert -b18 (base 16) to base 12.
-1788
What is 1759 (base 15) in base 12?
2ab6
What is 341134 (base 5) in base 3?
121112002
Convert 266 (base 9) to base 11.
192
Convert 145 (base 15) to base 13.
194
Convert 11138 (base 10) to base 14.
40b8
412404 (base 6) to base 16
80d4
Convert 43ab (base 12) to base 15.
2335
Convert 2312023 (base 5) to base 13.
15b84
-1242 (base 6) to base 7
-626
What is 15348 (base 9) in base 14?
3b77
What is 5312 (base 7) in base 3?
2120022
-356 (base 8) to base 2
-11101110
1fd (base 16) to base 9
625
Convert 1252 (base 8) to base 13.
406
17302 (base 11) to base 8
57403
What is -101111010001 (base 2) in base 9?
-4131
What is 48d (base 15) in base 8?
2011
What is -412 (base 7) in base 6?
-541
Convert -16b2 (base 14) to base 6.
-30512
What is -23b (base 15) in base 2?
-111111010
Convert a77 (base 12) to base 4.
113323
Convert 34 (base 5) to base 11.
18
What is 110011011 (base 2) in base 16?
19b
ba4 (base 15) to base 9
3541
1111001011110 (base 2) to base 13
3700
-3121 (base 4) to base 16
-d9
What is -10224 (base 5) in base 16?
-2b1
10001101 (base 2) to base 7
261
Convert 82a (base 11) to base 10.
1000
What is -1ad6 (base 15) in base 11?
-4417
45d (base 14) to base 3
1012010
Convert -1b1 (base 15) to base 9.
-474
19d (base 16) to base 4
12131
-20224 (base 9) to base 8
-31772
-15220 (base 8) to base 12
-3b28
-111100110111 (base 2) to base 16
-f37
8b2 (base 16) to base 13
1023
2c20 (base 14) to base 8
17274
-101010001000000 (base 2) to base 5
-1142233
Convert 8205 (base 11) to base 6.
122235
What is 162 (base 10) in base 4?
2202
-457 (base 13) to base 9
-1021
What is -3834 (base 13) in base 7?
-32166
Convert 20175 (base 10) to base 7.
112551
What is -110 (base 11) in base 9?
-156
What is -504 (base 10) in base 8?
-770
-174 (base 13) to base 12
-1a0
Convert -4123 (base 5) to base 16.
-21a
What is 15c84 (base 13) in base 15?
c53c
What is 9579 (base 11) in base 13?
59c8
-3460 (base 7) to base 9
-1657
310010 (base 4) to base 12
1b18
1528 (base 14) to base 12
2214
Convert -1122444 (base 5) to base 16.
-4f96
-2000102201 (base 3) to base 5
-2232212
Convert 441 (base 12) to base 16.
271
Convert 145274 (base 8) to base 12.
26050
Convert 15464 (base 12) to bas